s) = -10*s + 2. Let o be w(-5). Suppose y*m - 7*m + o = 0. What is the highest common factor of 65 and m?
13
Let i(a) = -6*a + 184. Let x be i(15). Calculate the greatest common factor of x and 47.
47
Let w(p) = 4*p**2 - 13*p - 5. Let a(q) = q**2 - 1. Let r(j) = -5*a(j) + w(j). Let u be r(-11). Calculate the greatest common factor of 154 and u.
22
Suppose 3*h = h + 78. Suppose 24 = 4*r - w, -2*w - h = -5*r - 3*w. Suppose m - r = 4. What is the highest common factor of 99 and m?
11
Suppose 9*z - 2*z = 889. Let g = z - 67. Let j = 29 + -9. Calculate the greatest common divisor of g and j.
20
Let r(n) = n**3 - 20*n**2 + 11*n - 28. Let j be r(20). Suppose 1292 = 11*s + j. Calculate the greatest common divisor of 20 and s.
20
Let f = 631 - -393. Calculate the highest common factor of f and 16.
16
Let i(q) = -q**2 - 3*q + 7. Let a be i(-8). Let k = a + 97. Calculate the highest common factor of k and 16.
16
Let o(t) = -t**3 + 26*t**2 - 18*t - 4. Let y be o(25). What is the highest common divisor of y and 19?
19
Suppose -451 = -4*f + s, 6*s = 3*f + 4*s - 332. What is the greatest common factor of f and 6?
6
Let u = 62 + -5. Let p be u/(-9*4/(-96)). What is the highest common divisor of p and 19?
19
Let o(c) = 2*c**2 - 12*c - 12. Let b be o(7). Suppose -b*a + 388 = u + 2*u, -3*a + 517 = 4*u. Calculate the highest common divisor of u and 52.
26
Let d be ((-2)/(-9) - (-102)/27) + 344. What is the greatest common divisor of d and 58?
58
Let q be 1*-3 - (-62)/2. Let p be 36/21 - (-8)/q. Suppose -11 = -3*f + 4, 3*f = p*o + 9. What is the greatest common divisor of o and 3?
3
Let p be (36/24)/((-2)/(-4)). Suppose -5*z + 90 = 2*w - 39, 0 = p*z + w - 77. What is the greatest common divisor of 200 and z?
25
Let b = -303 + 346. What is the highest common divisor of 86 and b?
43
Let k = -691 + 724. Let j(i) = i**3 + i**2 + 3. Let x be j(0). What is the highest common factor of x and k?
3
Let y = 1 + 1. Let u be y + (1 + 21 - 0). Let t = -13 - -73. Calculate the highest common divisor of t and u.
12
Let w be -1 - 3/(6/(-184)). Let j be 6 + 7 + -1 + 1. What is the highest common divisor of w and j?
13
Suppose 6*u + 3*s - 42 = 0, 24*u = 26*u - 5*s - 38. Let l be (-2)/4 + 182/4. Calculate the greatest common factor of l and u.
9
Let d(t) = -t**3 - 2*t**2 + t - 4. Let g be d(-3). Let w = g + -1. Let m = w + 10. Calculate the greatest common factor of 22 and m.
11
Let p(u) = -3*u + 166. Let v be p(26). Suppose 43 = 3*x - 2*q, 5*q + 18 = -x + 4. Calculate the greatest common factor of v and x.
11
Suppose 11 = -3*o + 437. Suppose 3*r - 4*r = -o. Suppose 3*g = 3*v + 114, 3*g - r = -g + 2*v. What is the highest common divisor of g and 3?
3
Let d(t) be the third derivative of t**5/30 - t**4/12 - 2*t**3/3 + 13*t**2. Let x be d(4). Calculate the greatest common factor of 5 and x.
5
Suppose 9*z - 35 = 4*z. Let o(b) = 5*b - 5. Let g be o(8). Calculate the highest common divisor of g and z.
7
Let p(x) = -3*x**3 - 3*x**2 - 4*x - 3. Let l be p(-2). Let z be (72/(-10))/((-3)/285). Let s be z/10 + (-12)/30. Calculate the highest common factor of s and l.
17
Suppose 0 = 6*u - 18*u + 624. What is the highest common divisor of u and 442?
26
Let v(c) = 11*c + 8. Let r(i) = 21*i + 15. Let p(o) = -2*r(o) + 5*v(o). Let z be p(8). Calculate the highest common divisor of z and 76.
38
Let f(y) be the second derivative of -y**4/12 - y**3 + 34*y**2 + 32*y - 1. Let a be f(-11). What is the greatest common divisor of a and 65?
13
Let d = -9 - -84. Suppose -d + 0 = 5*p. Let m = p - -21. What is the highest common divisor of 2 and m?
2
Suppose -44*m + 8832 = 20*m. Let u = 57 + 35. What is the highest common divisor of u and m?
46
Let o(b) = b**3 + 12*b**2 + 9*b + 24. Let n(v) = v**2 + v + 1. Let r(z) = -2*n(z) + o(z). Let m be r(-9). Calculate the greatest common factor of 8 and m.
8
Let k be 1/((-4)/(-180)*5). Calculate the highest common divisor of 9 and k.
9
Suppose -5*p - 127 = -3*x, 3*x + p - 29 = 2*x. Suppose -4*s = -218 - x. Suppose -28 = -5*n + 7. What is the greatest common factor of n and s?
7
Suppose -3*w - m = 3*m - 125, -5*w + 205 = 5*m. Calculate the greatest common factor of w and 52.
13
Let p(d) = 70*d. Suppose 7*h - 2*h = 70. Let b be (-12)/(-21)*h/4. Let t be p(b). What is the greatest common divisor of 20 and t?
20
Let k be (-4)/(-10)*3*(-380)/(-114). Let z = 24 - 14. What is the greatest common divisor of z and k?
2
Let w be 72/(-6) - (-16 - 26). Suppose y - 2 = 2*t, -5*y + 52 = -y + 3*t. Calculate the greatest common factor of y and w.
10
Suppose 5*p - 4*y = 300, 3*p + y = 178 - 15. Calculate the greatest common divisor of 4 and p.
4
Suppose 0 = -8*n + 8 + 120. Let a = 241 - 97. Calculate the highest common factor of n and a.
16
Let z = -1177 + 1417. What is the highest common divisor of z and 144?
48
Suppose 4*c - 37 + 17 = 0. Let r(s) = 6*s - 10. Let u be r(c). What is the highest common factor of u and 30?
10
Let k(p) = -68*p - 89. Let i be k(-6). Calculate the highest common factor of i and 11.
11
Let v(k) = -160*k - 196. Let m be v(-7). Calculate the highest common divisor of m and 28.
28
Suppose 0 = 7*v + 68 + 184. Let h = -24 - v. Calculate the highest common divisor of 3 and h.
3
Suppose -33*k + 37*k - 152 = 0. Suppose 2 = -6*f + k. Calculate the greatest common divisor of f and 24.
6
Let z(o) = -o**3 + 5*o**2 + 23*o - 52. Let i be z(7). Let x be 4/(-6) - 35/(-3). What is the greatest common factor of i and x?
11
Let j(h) be the second derivative of h**5/20 + 2*h**3/3 - 3*h**2/2 - 26*h. Let k be j(4). What is the greatest common factor of 7 and k?
7
Let g(n) = 78*n**2 + 2*n. Let m be g(1). Calculate the greatest common factor of 520 and m.
40
Suppose -4*j - 42 = -7*j. Suppose -5*x - 1404 = -4*l, -2*l + 3*x = 5*x - 702. Let a be 2/j - l/(-91). What is the greatest common divisor of a and 12?
4
Let m(j) = -j**3 + 46*j**2 - 123*j - 236. Let n be m(43). What is the greatest common divisor of 11 and n?
11
Let a be (5/(-20))/((-3)/228). Let c = 29 + a. Calculate the greatest common factor of c and 72.
24
Let d be (-16 - -23)/(2/(-134)). Let b = d - -658. What is the greatest common factor of b and 21?
21
Suppose 24 = n - 5*b, 2*n - 4*b - 22 = 56. What is the highest common divisor of 98 and n?
49
Let j be (-3)/4 - (-38)/8. Suppose 4*d - j*b = -4, -2*b = -d - 3 - 3. Calculate the highest common factor of 44 and d.
4
Let f(n) = n**3 + 20*n**2 + 2*n - 53. Let u be f(-17). Calculate the highest common factor of u and 15.
15
Suppose 3*l - 4*l + 78 = 0. Let u be l/3 + -2 + 0. Calculate the greatest common divisor of 8 and u.
8
Let q(k) = -106*k**3 - 4*k**2 - 4*k. Let s be q(-2). Suppose -s = -8*f + f. Calculate the greatest common divisor of f and 20.
20
Let r be -3 + 2 + 72/6. Let t be -11*(-8 + (-9)/3). What is the highest common factor of t and r?
11
Let x be (2/(-5))/(1/(-975)). What is the greatest common divisor of x and 15?
15
Let v be ((-16)/6)/((-481)/240 + 2). What is the highest common factor of 10 and v?
10
Let p = -189 + 271. Suppose 4*b + 412 = 3*c, 0 = c + 4*b - 66 - p. Suppose -m + c = -0*m. What is the greatest common factor of 28 and m?
28
Suppose 0 = -4*o - 4*l + 8, o = 4*o - 5*l - 30. Let f be 44/9 + (-7)/(-63). Calculate the highest common factor of o and f.
5
Let i(c) = -13*c - 13. Let g be i(-9). Let w be (g - 7) + 1 + 2. Calculate the greatest common divisor of 25 and w.
25
Suppose 2*q + 22 = 4*q + c, q - 11 = -5*c. Let i = -176 + 253. What is the highest common divisor of i and q?
11
Suppose 0 = -5*q - 4*m + 80, -7 + 26 = 2*q - m. Suppose -q*c = -54 - 102. What is the highest common factor of 39 and c?
13
Suppose 1 = -2*d + 4*w - 1, w = -2*d + 8. Suppose d*l - 5*l = -116. Let x = -34 + l. What is the greatest common factor of 60 and x?
12
Let w be (1 - 0)*151 - -1. Let l(v) = -v**2 + 24*v - 100. Let i be l(7). Calculate the highest common factor of i and w.
19
Let p be ((-2)/(-4))/((-2)/(-68)). Suppose -3*g + 55 = -2*o, -3*g + 7*g + 4*o - 60 = 0. What is the highest common divisor of g and p?
17
Let r be 4 - ((-12)/(-4) + -3). Let p be (5 + -3)*r*-1. Let n(m) = -m**3 - 6*m**2 + 11*m. Let f be n(p). What is the greatest common divisor of 10 and f?
10
Suppose -4*r = -7*g + 5*g + 1588, -5*g = -4*r - 4000. What is the highest common divisor of g and 24?
1